{"id":11523,"date":"2020-04-29T15:54:54","date_gmt":"2020-04-29T13:54:54","guid":{"rendered":"https:\/\/www.galerie-pfundt.de\/kuenstler\/kraisser-2\/zweite_rauhnacht\/"},"modified":"2020-04-30T17:49:33","modified_gmt":"2020-04-30T15:49:33","slug":"zweite_rauhnacht","status":"publish","type":"page","link":"https:\/\/www.galerie-pfundt.de\/aktuell\/kuenstler\/kraisser\/zweite_rauhnacht\/","title":{"rendered":"Zweite Rauhnacht"},"content":{"rendered":"<div class=\"flex_column av_three_fourth  flex_column_div av-zero-column-padding first  avia-builder-el-0  el_before_av_one_fourth  avia-builder-el-first  \" style='border-radius:0px; '><p><div  class='avia-image-container  av-styling-    avia-builder-el-1  el_before_av_textblock  avia-builder-el-first  avia-align-center '  itemprop=\"image\" itemscope=\"itemscope\" itemtype=\"https:\/\/schema.org\/ImageObject\"  ><div class='avia-image-container-inner'><div class='avia-image-overlay-wrap'><img decoding=\"async\" class='wp-image-819 avia-img-lazy-loading-not-819 avia_image' src=\"https:\/\/www.galerie-pfundt.de\/wp-content\/uploads\/2017\/05\/kraisser_zweite_rauhnacht_zweite_rauhnacht_bronze_2016_30x17x88cm.jpg\" alt='' title='kraisser_zweite_rauhnacht_zweite_rauhnacht_bronze_2016_30x17x88cm' height=\"1024\" width=\"1024\"  itemprop=\"thumbnailUrl\" srcset=\"https:\/\/www.galerie-pfundt.de\/wp-content\/uploads\/2017\/05\/kraisser_zweite_rauhnacht_zweite_rauhnacht_bronze_2016_30x17x88cm.jpg 1024w, https:\/\/www.galerie-pfundt.de\/wp-content\/uploads\/2017\/05\/kraisser_zweite_rauhnacht_zweite_rauhnacht_bronze_2016_30x17x88cm-600x600.jpg 600w, https:\/\/www.galerie-pfundt.de\/wp-content\/uploads\/2017\/05\/kraisser_zweite_rauhnacht_zweite_rauhnacht_bronze_2016_30x17x88cm-100x100.jpg 100w, https:\/\/www.galerie-pfundt.de\/wp-content\/uploads\/2017\/05\/kraisser_zweite_rauhnacht_zweite_rauhnacht_bronze_2016_30x17x88cm-220x220.jpg 220w, https:\/\/www.galerie-pfundt.de\/wp-content\/uploads\/2017\/05\/kraisser_zweite_rauhnacht_zweite_rauhnacht_bronze_2016_30x17x88cm-768x768.jpg 768w, https:\/\/www.galerie-pfundt.de\/wp-content\/uploads\/2017\/05\/kraisser_zweite_rauhnacht_zweite_rauhnacht_bronze_2016_30x17x88cm-36x36.jpg 36w, https:\/\/www.galerie-pfundt.de\/wp-content\/uploads\/2017\/05\/kraisser_zweite_rauhnacht_zweite_rauhnacht_bronze_2016_30x17x88cm-180x180.jpg 180w, https:\/\/www.galerie-pfundt.de\/wp-content\/uploads\/2017\/05\/kraisser_zweite_rauhnacht_zweite_rauhnacht_bronze_2016_30x17x88cm-705x705.jpg 705w, https:\/\/www.galerie-pfundt.de\/wp-content\/uploads\/2017\/05\/kraisser_zweite_rauhnacht_zweite_rauhnacht_bronze_2016_30x17x88cm-300x300.jpg 300w\" sizes=\"(max-width: 1024px) 100vw, 1024px\" \/><\/div><\/div><\/div><br \/>\n<section class=\"av_textblock_section \"  itemscope=\"itemscope\" itemtype=\"https:\/\/schema.org\/CreativeWork\" ><div class='avia_textblock  '   itemprop=\"text\" ><h1><span style=\"color: #ffffff;\">.<\/span><\/h1>\n<h3><a href=\"https:\/\/www.galerie-pfundt.de\/kuenstler\/kraisser\/\">Susanne Krai\u00dfer<\/a><\/h3>\n<h2>Zweite Rauhnacht, \u00a0 \u00a02016<\/h2>\n<\/div><\/section><br \/>\n<section class=\"av_textblock_section \"  itemscope=\"itemscope\" itemtype=\"https:\/\/schema.org\/CreativeWork\" ><div class='avia_textblock  '   itemprop=\"text\" ><p>Bronze, 30 x 17 x 88 cm<\/p>\n<p>Auflage 8 + 2 EA<\/p>\n<h4><\/h4>\n<\/div><\/section><\/p><\/div>\n<div class=\"flex_column av_one_fourth  flex_column_div av-zero-column-padding   avia-builder-el-4  el_after_av_three_fourth  avia-builder-el-last  \" style='border-radius:0px; '><p><form action=\"https:\/\/www.galerie-pfundt.de\/aktuell\/kuenstler\/kraisser\/zweite_rauhnacht\/\" method=\"post\"  class=\"avia_ajax_form av-form-labels-hidden   avia-builder-el-5  el_before_av_textblock  avia-builder-el-first  av-custom-form-color av-dark-form \" data-avia-form-id=\"1\" data-avia-redirect='' ><h3 class=''>Anfrage<\/h3><fieldset><p class='  first_form  form_element form_fullwidth' id='element_avia_1_1'><label for=\"avia_1_1\">Name<\/label> <input name=\"avia_1_1\" class=\"text_input \" type=\"text\" id=\"avia_1_1\" value=\"\"  placeholder='Name'\/><\/p><p class='  first_form  form_element form_fullwidth' id='element_avia_2_1'><label for=\"avia_2_1\">E-Mail <abbr class=\"required\" title=\"ben\u00f6tigt\">*<\/abbr><\/label> <input name=\"avia_2_1\" class=\"text_input is_email\" type=\"text\" id=\"avia_2_1\" value=\"\"  placeholder='E-Mail*'\/><\/p><p class='  first_form  form_element form_fullwidth' id='element_avia_3_1'><label for=\"avia_3_1\">Telefon<\/label> <input name=\"avia_3_1\" class=\"text_input \" type=\"text\" id=\"avia_3_1\" value=\"\"  placeholder='Telefon'\/><\/p><div id='avia_4_1' class='av-form-text'><p>\nIch bitte um&#8230;<\/p>\n<\/div><p class=' first_form  form_element form_fullwidth' id='element_avia_5_1'>    <input  name=\"avia_5_1\" class=\"input_checkbox \" type=\"checkbox\" id=\"avia_5_1\" value=\"true\"\/><label class=\"input_checkbox_label\" for=\"avia_5_1\">Preisauskunft<\/label><\/p><p class=' first_form  form_element form_fullwidth' id='element_avia_6_1'>    <input  name=\"avia_6_1\" class=\"input_checkbox \" type=\"checkbox\" id=\"avia_6_1\" value=\"true\"\/><label class=\"input_checkbox_label\" for=\"avia_6_1\">Anruf<\/label><\/p><p class=' first_form  form_element form_fullwidth' id='element_avia_7_1'>    <input  name=\"avia_7_1\" class=\"input_checkbox \" type=\"checkbox\" id=\"avia_7_1\" value=\"true\"\/><label class=\"input_checkbox_label\" for=\"avia_7_1\">Anmeldung f\u00fcr den Newsletter<\/label><\/p><p class=\"hidden\"><input type=\"text\" name=\"avia_8_1\" class=\"hidden \" id=\"avia_8_1\" value=\"\" \/><\/p><p class='av_form_privacy_check av_contact_privacy_check first_form  form_element form_fullwidth' id='element_avia_9_1'>    <input  name=\"avia_9_1\" class=\"input_checkbox is_empty\" type=\"checkbox\" id=\"avia_9_1\" value=\"true\"\/><label class=\"input_checkbox_label\" for=\"avia_9_1\">Ich habe die <a href=\"https:\/\/www.galerie-pfundt.de\/kontakt\/impressum\/\" target=\"_blank\" rel=\"noopener\">Datenschutzerkl\u00e4rung<\/a> gelesen und stimme dem Versand zu. <abbr class=\"required\" title=\"ben\u00f6tigt\">*<\/abbr><\/label><\/p><p class=\"form_element \"><input type=\"hidden\" value=\"1\" name=\"avia_generated_form1\" \/><input type=\"submit\" value=\"Senden\" class=\"button\"  data-sending-label=\"Sende\"\/><\/p><\/fieldset><\/form><div id=\"ajaxresponse_1\" class=\"ajaxresponse ajaxresponse_1 hidden\"><\/div><br \/>\n<section class=\"av_textblock_section \"  itemscope=\"itemscope\" itemtype=\"https:\/\/schema.org\/CreativeWork\" ><div class='avia_textblock  '   itemprop=\"text\" ><p><a href=\"https:\/\/www.galerie-pfundt.de\/kuenstler\/kraisser\/\">zur\u00fcck zur K\u00fcnstlerseite<\/a><\/p>\n<\/div><\/section><br \/>\n<div  class='avia-image-container avia_animated_image avia_animate_when_almost_visible av-rotateIn av-styling-circle    avia-builder-el-7  el_after_av_textblock  el_before_av_textblock  avia-align-center '  itemprop=\"image\" itemscope=\"itemscope\" itemtype=\"https:\/\/schema.org\/ImageObject\"  ><div class='avia-image-container-inner'><div class='avia-image-overlay-wrap'><a href='https:\/\/www.galerie-pfundt.de\/wp-content\/uploads\/2020\/01\/kraisser_zweite_rauhnacht_bronze_2016_30x17x88cm_f_-Kopie-308x400.jpg' class='avia_image'  ><img decoding=\"async\" width=\"789\" height=\"1024\" class='wp-image-8952 avia-img-lazy-loading-not-8952 avia_image' src=\"https:\/\/www.galerie-pfundt.de\/wp-content\/uploads\/2020\/01\/kraisser_zweite_rauhnacht_bronze_2016_30x17x88cm_f_-Kopie.jpg\" alt='' title='kraisser_zweite_rauhnacht_bronze_2016_30x17x88cm_f_-Kopie'  itemprop=\"thumbnailUrl\" srcset=\"https:\/\/www.galerie-pfundt.de\/wp-content\/uploads\/2020\/01\/kraisser_zweite_rauhnacht_bronze_2016_30x17x88cm_f_-Kopie.jpg 789w, https:\/\/www.galerie-pfundt.de\/wp-content\/uploads\/2020\/01\/kraisser_zweite_rauhnacht_bronze_2016_30x17x88cm_f_-Kopie-600x779.jpg 600w, https:\/\/www.galerie-pfundt.de\/wp-content\/uploads\/2020\/01\/kraisser_zweite_rauhnacht_bronze_2016_30x17x88cm_f_-Kopie-308x400.jpg 308w, https:\/\/www.galerie-pfundt.de\/wp-content\/uploads\/2020\/01\/kraisser_zweite_rauhnacht_bronze_2016_30x17x88cm_f_-Kopie-768x997.jpg 768w, https:\/\/www.galerie-pfundt.de\/wp-content\/uploads\/2020\/01\/kraisser_zweite_rauhnacht_bronze_2016_30x17x88cm_f_-Kopie-543x705.jpg 543w\" sizes=\"(max-width: 789px) 100vw, 789px\" \/><\/a><\/div><\/div><\/div><br \/>\n<section class=\"av_textblock_section \"  itemscope=\"itemscope\" itemtype=\"https:\/\/schema.org\/CreativeWork\" ><div class='avia_textblock  '   itemprop=\"text\" ><p>Der Titel \u201eZweite Rauhnacht\u201c verweist auf die Tage nach Weihnachten, die dunkle Zeit. Traditionell Zeit der Geister, der wilden Jagd. Die W\u00f6rter Rauh und Nacht bergen dr\u00e4uende K\u00e4lte, Einsamkeit, Gefahr. Etwas, vor dem wir uns sch\u00fctzen m\u00f6chten.<\/p>\n<p>Das blaue Tuch erinnert zum einen an einen Schutzmantel \u00e4hnlich mittelalterlicher Mariendarstellungen, ein Zeichen f\u00fcr Ruhe und Best\u00e4ndigkeit, f\u00fcr Weite und Freiheit, f\u00fcr den Himmel. \u00a0Zum anderen ist dieser Schutz offensichtlich unzureichend, eher betont er die Bl\u00f6\u00dfe des M\u00e4dchens, seine Fragilit\u00e4t.<\/p>\n<\/div><\/section><br \/>\n<div  class='avia-image-container  av-styling-    avia-builder-el-9  el_after_av_textblock  avia-builder-el-last  avia-align-center '  itemprop=\"image\" itemscope=\"itemscope\" itemtype=\"https:\/\/schema.org\/ImageObject\"  ><div class='avia-image-container-inner'><div class='avia-image-overlay-wrap'><a href='https:\/\/www.galerie-pfundt.de\/wp-content\/uploads\/2020\/01\/kraisser_zweite_rauhnacht_bronze_2016_30x17x88cm_ds_-Kopie-314x400.jpg' class='avia_image'  ><img decoding=\"async\" width=\"805\" height=\"1024\" class='wp-image-8951 avia-img-lazy-loading-not-8951 avia_image' src=\"https:\/\/www.galerie-pfundt.de\/wp-content\/uploads\/2020\/01\/kraisser_zweite_rauhnacht_bronze_2016_30x17x88cm_ds_-Kopie.jpg\" alt='' title='kraisser_zweite_rauhnacht_bronze_2016_30x17x88cm_ds_-Kopie'  itemprop=\"thumbnailUrl\" srcset=\"https:\/\/www.galerie-pfundt.de\/wp-content\/uploads\/2020\/01\/kraisser_zweite_rauhnacht_bronze_2016_30x17x88cm_ds_-Kopie.jpg 805w, https:\/\/www.galerie-pfundt.de\/wp-content\/uploads\/2020\/01\/kraisser_zweite_rauhnacht_bronze_2016_30x17x88cm_ds_-Kopie-600x763.jpg 600w, https:\/\/www.galerie-pfundt.de\/wp-content\/uploads\/2020\/01\/kraisser_zweite_rauhnacht_bronze_2016_30x17x88cm_ds_-Kopie-314x400.jpg 314w, https:\/\/www.galerie-pfundt.de\/wp-content\/uploads\/2020\/01\/kraisser_zweite_rauhnacht_bronze_2016_30x17x88cm_ds_-Kopie-768x977.jpg 768w, https:\/\/www.galerie-pfundt.de\/wp-content\/uploads\/2020\/01\/kraisser_zweite_rauhnacht_bronze_2016_30x17x88cm_ds_-Kopie-554x705.jpg 554w\" sizes=\"(max-width: 805px) 100vw, 805px\" \/><\/a><\/div><\/div><\/div><\/p><\/div>\n","protected":false},"excerpt":{"rendered":"","protected":false},"author":2,"featured_media":0,"parent":11448,"menu_order":0,"comment_status":"closed","ping_status":"closed","template":"","meta":{"footnotes":""},"class_list":["post-11523","page","type-page","status-publish","hentry"],"_links":{"self":[{"href":"https:\/\/www.galerie-pfundt.de\/aktuell\/wp-json\/wp\/v2\/pages\/11523","targetHints":{"allow":["GET"]}}],"collection":[{"href":"https:\/\/www.galerie-pfundt.de\/aktuell\/wp-json\/wp\/v2\/pages"}],"about":[{"href":"https:\/\/www.galerie-pfundt.de\/aktuell\/wp-json\/wp\/v2\/types\/page"}],"author":[{"embeddable":true,"href":"https:\/\/www.galerie-pfundt.de\/aktuell\/wp-json\/wp\/v2\/users\/2"}],"replies":[{"embeddable":true,"href":"https:\/\/www.galerie-pfundt.de\/aktuell\/wp-json\/wp\/v2\/comments?post=11523"}],"version-history":[{"count":0,"href":"https:\/\/www.galerie-pfundt.de\/aktuell\/wp-json\/wp\/v2\/pages\/11523\/revisions"}],"up":[{"embeddable":true,"href":"https:\/\/www.galerie-pfundt.de\/aktuell\/wp-json\/wp\/v2\/pages\/11448"}],"wp:attachment":[{"href":"https:\/\/www.galerie-pfundt.de\/aktuell\/wp-json\/wp\/v2\/media?parent=11523"}],"curies":[{"name":"wp","href":"https:\/\/api.w.org\/{rel}","templated":true}]}}

<div class="flex_column av_three_fourth  flex_column_div av-zero-column-padding first  avia-builder-el-0  el_before_av_one_fourth  avia-builder-el-first  " style='border-radius:0px; '><p><div  class='avia-image-container  av-styling-    avia-builder-el-1  el_before_av_textblock  avia-builder-el-first  avia-align-center '  itemprop="image" itemscope="itemscope" itemtype="https://schema.org/ImageObject"  ><div class='avia-image-container-inner'><div class='avia-image-overlay-wrap'><img decoding="async" class='wp-image-819 avia-img-lazy-loading-not-819 avia_image' src="https://www.galerie-pfundt.de/wp-content/uploads/2017/05/kraisser_zweite_rauhnacht_zweite_rauhnacht_bronze_2016_30x17x88cm.jpg" alt='' title='kraisser_zweite_rauhnacht_zweite_rauhnacht_bronze_2016_30x17x88cm' height="1024" width="1024"  itemprop="thumbnailUrl" srcset="https://www.galerie-pfundt.de/wp-content/uploads/2017/05/kraisser_zweite_rauhnacht_zweite_rauhnacht_bronze_2016_30x17x88cm.jpg 1024w, https://www.galerie-pfundt.de/wp-content/uploads/2017/05/kraisser_zweite_rauhnacht_zweite_rauhnacht_bronze_2016_30x17x88cm-600x600.jpg 600w, https://www.galerie-pfundt.de/wp-content/uploads/2017/05/kraisser_zweite_rauhnacht_zweite_rauhnacht_bronze_2016_30x17x88cm-100x100.jpg 100w, https://www.galerie-pfundt.de/wp-content/uploads/2017/05/kraisser_zweite_rauhnacht_zweite_rauhnacht_bronze_2016_30x17x88cm-220x220.jpg 220w, https://www.galerie-pfundt.de/wp-content/uploads/2017/05/kraisser_zweite_rauhnacht_zweite_rauhnacht_bronze_2016_30x17x88cm-768x768.jpg 768w, https://www.galerie-pfundt.de/wp-content/uploads/2017/05/kraisser_zweite_rauhnacht_zweite_rauhnacht_bronze_2016_30x17x88cm-36x36.jpg 36w, https://www.galerie-pfundt.de/wp-content/uploads/2017/05/kraisser_zweite_rauhnacht_zweite_rauhnacht_bronze_2016_30x17x88cm-180x180.jpg 180w, https://www.galerie-pfundt.de/wp-content/uploads/2017/05/kraisser_zweite_rauhnacht_zweite_rauhnacht_bronze_2016_30x17x88cm-705x705.jpg 705w, https://www.galerie-pfundt.de/wp-content/uploads/2017/05/kraisser_zweite_rauhnacht_zweite_rauhnacht_bronze_2016_30x17x88cm-300x300.jpg 300w" sizes="(max-width: 1024px) 100vw, 1024px" /></div></div></div><br />
<section class="av_textblock_section "  itemscope="itemscope" itemtype="https://schema.org/CreativeWork" ><div class='avia_textblock  '   itemprop="text" ><h1><span style="color: #ffffff;">.</span></h1>
<h3><a href="https://www.galerie-pfundt.de/kuenstler/kraisser/">Susanne Kraißer</a></h3>
<h2>Zweite Rauhnacht,    2016</h2>
</div></section><br />
<section class="av_textblock_section "  itemscope="itemscope" itemtype="https://schema.org/CreativeWork" ><div class='avia_textblock  '   itemprop="text" ><p>Bronze, 30 x 17 x 88 cm</p>
<p>Auflage 8 + 2 EA</p>
<h4></h4>
</div></section></p></div>
<div class="flex_column av_one_fourth  flex_column_div av-zero-column-padding   avia-builder-el-4  el_after_av_three_fourth  avia-builder-el-last  " style='border-radius:0px; '><p><form action="https://www.galerie-pfundt.de/aktuell/kuenstler/kraisser/zweite_rauhnacht/" method="post"  class="avia_ajax_form av-form-labels-hidden   avia-builder-el-5  el_before_av_textblock  avia-builder-el-first  av-custom-form-color av-dark-form " data-avia-form-id="1" data-avia-redirect='' ><h3 class=''>Anfrage</h3><fieldset><p class='  first_form  form_element form_fullwidth' id='element_avia_1_1'><label for="avia_1_1">Name</label> <input name="avia_1_1" class="text_input " type="text" id="avia_1_1" value=""  placeholder='Name'/></p><p class='  first_form  form_element form_fullwidth' id='element_avia_2_1'><label for="avia_2_1">E-Mail <abbr class="required" title="benötigt">*</abbr></label> <input name="avia_2_1" class="text_input is_email" type="text" id="avia_2_1" value=""  placeholder='E-Mail*'/></p><p class='  first_form  form_element form_fullwidth' id='element_avia_3_1'><label for="avia_3_1">Telefon</label> <input name="avia_3_1" class="text_input " type="text" id="avia_3_1" value=""  placeholder='Telefon'/></p><div id='avia_4_1' class='av-form-text'><p>
Ich bitte um&#8230;</p>
</div><p class=' first_form  form_element form_fullwidth' id='element_avia_5_1'>    <input  name="avia_5_1" class="input_checkbox " type="checkbox" id="avia_5_1" value="true"/><label class="input_checkbox_label" for="avia_5_1">Preisauskunft</label></p><p class=' first_form  form_element form_fullwidth' id='element_avia_6_1'>    <input  name="avia_6_1" class="input_checkbox " type="checkbox" id="avia_6_1" value="true"/><label class="input_checkbox_label" for="avia_6_1">Anruf</label></p><p class=' first_form  form_element form_fullwidth' id='element_avia_7_1'>    <input  name="avia_7_1" class="input_checkbox " type="checkbox" id="avia_7_1" value="true"/><label class="input_checkbox_label" for="avia_7_1">Anmeldung für den Newsletter</label></p><p class="hidden"><input type="text" name="avia_8_1" class="hidden " id="avia_8_1" value="" /></p><p class='av_form_privacy_check av_contact_privacy_check first_form  form_element form_fullwidth' id='element_avia_9_1'>    <input  name="avia_9_1" class="input_checkbox is_empty" type="checkbox" id="avia_9_1" value="true"/><label class="input_checkbox_label" for="avia_9_1">Ich habe die <a href="https://www.galerie-pfundt.de/kontakt/impressum/" target="_blank" rel="noopener">Datenschutzerklärung</a> gelesen und stimme dem Versand zu. <abbr class="required" title="benötigt">*</abbr></label></p><p class="form_element "><input type="hidden" value="1" name="avia_generated_form1" /><input type="submit" value="Senden" class="button"  data-sending-label="Sende"/></p></fieldset></form><div id="ajaxresponse_1" class="ajaxresponse ajaxresponse_1 hidden"></div><br />
<section class="av_textblock_section "  itemscope="itemscope" itemtype="https://schema.org/CreativeWork" ><div class='avia_textblock  '   itemprop="text" ><p><a href="https://www.galerie-pfundt.de/kuenstler/kraisser/">zurück zur Künstlerseite</a></p>
</div></section><br />
<div  class='avia-image-container avia_animated_image avia_animate_when_almost_visible av-rotateIn av-styling-circle    avia-builder-el-7  el_after_av_textblock  el_before_av_textblock  avia-align-center '  itemprop="image" itemscope="itemscope" itemtype="https://schema.org/ImageObject"  ><div class='avia-image-container-inner'><div class='avia-image-overlay-wrap'><a href='https://www.galerie-pfundt.de/wp-content/uploads/2020/01/kraisser_zweite_rauhnacht_bronze_2016_30x17x88cm_f_-Kopie-308x400.jpg' class='avia_image'  ><img decoding="async" width="789" height="1024" class='wp-image-8952 avia-img-lazy-loading-not-8952 avia_image' src="https://www.galerie-pfundt.de/wp-content/uploads/2020/01/kraisser_zweite_rauhnacht_bronze_2016_30x17x88cm_f_-Kopie.jpg" alt='' title='kraisser_zweite_rauhnacht_bronze_2016_30x17x88cm_f_-Kopie'  itemprop="thumbnailUrl" srcset="https://www.galerie-pfundt.de/wp-content/uploads/2020/01/kraisser_zweite_rauhnacht_bronze_2016_30x17x88cm_f_-Kopie.jpg 789w, https://www.galerie-pfundt.de/wp-content/uploads/2020/01/kraisser_zweite_rauhnacht_bronze_2016_30x17x88cm_f_-Kopie-600x779.jpg 600w, https://www.galerie-pfundt.de/wp-content/uploads/2020/01/kraisser_zweite_rauhnacht_bronze_2016_30x17x88cm_f_-Kopie-308x400.jpg 308w, https://www.galerie-pfundt.de/wp-content/uploads/2020/01/kraisser_zweite_rauhnacht_bronze_2016_30x17x88cm_f_-Kopie-768x997.jpg 768w, https://www.galerie-pfundt.de/wp-content/uploads/2020/01/kraisser_zweite_rauhnacht_bronze_2016_30x17x88cm_f_-Kopie-543x705.jpg 543w" sizes="(max-width: 789px) 100vw, 789px" /></a></div></div></div><br />
<section class="av_textblock_section "  itemscope="itemscope" itemtype="https://schema.org/CreativeWork" ><div class='avia_textblock  '   itemprop="text" ><p>Der Titel „Zweite Rauhnacht“ verweist auf die Tage nach Weihnachten, die dunkle Zeit. Traditionell Zeit der Geister, der wilden Jagd. Die Wörter Rauh und Nacht bergen dräuende Kälte, Einsamkeit, Gefahr. Etwas, vor dem wir uns schützen möchten.</p>
<p>Das blaue Tuch erinnert zum einen an einen Schutzmantel ähnlich mittelalterlicher Mariendarstellungen, ein Zeichen für Ruhe und Beständigkeit, für Weite und Freiheit, für den Himmel.  Zum anderen ist dieser Schutz offensichtlich unzureichend, eher betont er die Blöße des Mädchens, seine Fragilität.</p>
</div></section><br />
<div  class='avia-image-container  av-styling-    avia-builder-el-9  el_after_av_textblock  avia-builder-el-last  avia-align-center '  itemprop="image" itemscope="itemscope" itemtype="https://schema.org/ImageObject"  ><div class='avia-image-container-inner'><div class='avia-image-overlay-wrap'><a href='https://www.galerie-pfundt.de/wp-content/uploads/2020/01/kraisser_zweite_rauhnacht_bronze_2016_30x17x88cm_ds_-Kopie-314x400.jpg' class='avia_image'  ><img decoding="async" width="805" height="1024" class='wp-image-8951 avia-img-lazy-loading-not-8951 avia_image' src="https://www.galerie-pfundt.de/wp-content/uploads/2020/01/kraisser_zweite_rauhnacht_bronze_2016_30x17x88cm_ds_-Kopie.jpg" alt='' title='kraisser_zweite_rauhnacht_bronze_2016_30x17x88cm_ds_-Kopie'  itemprop="thumbnailUrl" srcset="https://www.galerie-pfundt.de/wp-content/uploads/2020/01/kraisser_zweite_rauhnacht_bronze_2016_30x17x88cm_ds_-Kopie.jpg 805w, https://www.galerie-pfundt.de/wp-content/uploads/2020/01/kraisser_zweite_rauhnacht_bronze_2016_30x17x88cm_ds_-Kopie-600x763.jpg 600w, https://www.galerie-pfundt.de/wp-content/uploads/2020/01/kraisser_zweite_rauhnacht_bronze_2016_30x17x88cm_ds_-Kopie-314x400.jpg 314w, https://www.galerie-pfundt.de/wp-content/uploads/2020/01/kraisser_zweite_rauhnacht_bronze_2016_30x17x88cm_ds_-Kopie-768x977.jpg 768w, https://www.galerie-pfundt.de/wp-content/uploads/2020/01/kraisser_zweite_rauhnacht_bronze_2016_30x17x88cm_ds_-Kopie-554x705.jpg 554w" sizes="(max-width: 805px) 100vw, 805px" /></a></div></div></div></p></div>
