{"id":705,"date":"2017-05-13T12:02:41","date_gmt":"2017-05-13T10:02:41","guid":{"rendered":"https:\/\/www.galerie-pfundt.de\/kuenstler\/dobritz-2\/"},"modified":"2024-02-01T18:34:48","modified_gmt":"2024-02-01T17:34:48","slug":"witt","status":"publish","type":"page","link":"https:\/\/www.galerie-pfundt.de\/aktuell\/kuenstler\/witt\/","title":{"rendered":"Peter Witt"},"content":{"rendered":"<div class=\"flex_column av_one_fourth  flex_column_div av-zero-column-padding first  avia-builder-el-0  el_before_av_three_fourth  avia-builder-el-first  \" style='border-radius:0px; '><p><div  class='avia-image-container  av-styling-    avia-builder-el-1  el_before_av_textblock  avia-builder-el-first  avia-align-center '  itemprop=\"image\" itemscope=\"itemscope\" itemtype=\"https:\/\/schema.org\/ImageObject\"  ><div class='avia-image-container-inner'><div class='avia-image-overlay-wrap'><img decoding=\"async\" class='wp-image-254 avia-img-lazy-loading-not-254 avia_image' src=\"https:\/\/www.galerie-pfundt.de\/wp-content\/uploads\/2017\/03\/Portr\u00e4t_Witt_sw_quadr-1-300x300.jpg\" alt='' title='Portr\u00e4t_Witt_sw_quadr' height=\"300\" width=\"300\"  itemprop=\"thumbnailUrl\" srcset=\"https:\/\/www.galerie-pfundt.de\/wp-content\/uploads\/2017\/03\/Portr\u00e4t_Witt_sw_quadr-1-300x300.jpg 300w, https:\/\/www.galerie-pfundt.de\/wp-content\/uploads\/2017\/03\/Portr\u00e4t_Witt_sw_quadr-1-600x600.jpg 600w, https:\/\/www.galerie-pfundt.de\/wp-content\/uploads\/2017\/03\/Portr\u00e4t_Witt_sw_quadr-1-100x100.jpg 100w, https:\/\/www.galerie-pfundt.de\/wp-content\/uploads\/2017\/03\/Portr\u00e4t_Witt_sw_quadr-1-80x80.jpg 80w, https:\/\/www.galerie-pfundt.de\/wp-content\/uploads\/2017\/03\/Portr\u00e4t_Witt_sw_quadr-1-768x768.jpg 768w, https:\/\/www.galerie-pfundt.de\/wp-content\/uploads\/2017\/03\/Portr\u00e4t_Witt_sw_quadr-1-1030x1030.jpg 1030w, https:\/\/www.galerie-pfundt.de\/wp-content\/uploads\/2017\/03\/Portr\u00e4t_Witt_sw_quadr-1-36x36.jpg 36w, https:\/\/www.galerie-pfundt.de\/wp-content\/uploads\/2017\/03\/Portr\u00e4t_Witt_sw_quadr-1-180x180.jpg 180w, https:\/\/www.galerie-pfundt.de\/wp-content\/uploads\/2017\/03\/Portr\u00e4t_Witt_sw_quadr-1-705x705.jpg 705w, https:\/\/www.galerie-pfundt.de\/wp-content\/uploads\/2017\/03\/Portr\u00e4t_Witt_sw_quadr-1.jpg 1352w\" sizes=\"(max-width: 300px) 100vw, 300px\" \/><\/div><\/div><\/div><br \/>\n<section class=\"av_textblock_section \"  itemscope=\"itemscope\" itemtype=\"https:\/\/schema.org\/CreativeWork\" ><div class='avia_textblock  '   itemprop=\"text\" ><h6><span style=\"color: #ffffff;\">.<\/span><\/h6>\n<h3 style=\"text-align: center;\">Peter Witt<\/h3>\n<\/div><\/section><\/p><\/div>\n<div class=\"flex_column av_three_fourth  flex_column_div av-zero-column-padding   avia-builder-el-3  el_after_av_one_fourth  el_before_av_section  avia-builder-el-last  \" style='border-radius:0px; '><div  class=\"tabcontainer   top_tab   avia-builder-el-4  avia-builder-el-no-sibling \" role=\"tablist\">\n\n<section class=\"av_tab_section\"  itemscope=\"itemscope\" itemtype=\"https:\/\/schema.org\/CreativeWork\" ><div aria-controls=\"tab-id-1-content\" role=\"tab\" tabindex=\"0\" data-fake-id=\"#tab-id-1\" class=\"tab active_tab\"  itemprop=\"headline\" >Vita<\/div>\n<div id=\"tab-id-1-content\" class=\"tab_content active_tab_content\" aria-hidden=\"false\">\n<div class=\"tab_inner_content invers-color\"  itemprop=\"text\" >\n<p><strong><span class=\"\">Peter Witt <\/span><\/strong>wurde 1966 in Itzehoe geboren, wuchs in L\u00fcbeck auf und ist seit der Kindheit mit dem Maler Stefan Dobritz befreundet. Die \u00d6lmalerei in Spachteltechnik erlernte er bei dem K\u00fcnstler J\u00fcrgen Runge (1929-1992).<\/p>\n<div class=\"rich-text alignment--left\" data-v-bad97906=\"\" data-v-20a2b0cc=\"\">\n<div data-v-bad97906=\"\">\n<p>Sehr fr\u00fch hatte der Maler Witt Erfolge mit Ausstellungen, u.a. 1988 im L\u00fcbecker Buddenbrook-Haus, und das erm\u00f6glichte ihm, sich unmittelbar nach Wehrdienst und einem Physik &#8211; Studium mit anschlie\u00dfender Promotion 1994 \u00a0hauptberuflich der Malerei widmen zu k\u00f6nnen.<br \/>\nIn dem Sinne, dass er nicht einen Gegenstand oder eine Landschaft an sich malt, sondern nur das Licht, welches hiervon widergespiegelt wird, versteht sich Witt als Impressionist. So setzt er den Schwerpunkt seines Schaffens mehr auf die Herausarbeitung von Licht -\/ Schatteneffekten als auf die fotorealistische Wiedergabe s\u00e4mtlicher Details. Da Licht nirgends besser als in freier Natur eingefangen werden kann, malt Witt am liebsten, sofern es das Motiv zul\u00e4sst, der Tradition der Impressionisten folgend, \u201eau plein air\u201c.<br \/>\nDie daraus resultierende Lebendigkeit wird durch den Einsatz der Spachteltechnik noch verst\u00e4rkt:<br \/>\nDurch \u00fcppigen Farbauftrag erscheinen die Bilder plastisch, es entsteht der Eindruck von Dreidimensionalit\u00e4t.<\/p>\n<p>Nord- und Ostsee, die Elbe, die Schifffahrt, der Hamburger Hafen, die Insel Sylt und seit zwei Jahren auch Spree und Havel in Berlin, sind seine Lieblingsmotive, die Liebe zum Wasser durchzieht als roter Faden sein Repertoire.<\/p>\n<\/div>\n<\/div>\n\n<\/div>\n<\/div>\n<\/section>\n\n<\/div><\/div>\n<\/div><\/div><\/div><!-- close content main div --><\/div><\/div><div id='av_section_1'  class='avia-section main_color avia-section-default avia-no-border-styling  avia-bg-style-scroll  avia-builder-el-5  el_after_av_three_fourth  avia-builder-el-last   container_wrap fullsize' style='background-color: rgba(26,31,63,0.81);  '  ><div class='container' ><div class='template-page content  av-content-full alpha units'><div class='post-entry post-entry-type-page post-entry-705'><div class='entry-content-wrapper clearfix'>\n<div  style='height:60px' class='hr hr-invisible   avia-builder-el-6  el_before_av_hr  avia-builder-el-first '><span class='hr-inner ' ><span class='hr-inner-style'><\/span><\/span><\/div>\n<div  style='height:60px' class='hr hr-invisible   avia-builder-el-7  el_after_av_hr  el_before_av_two_third '><span class='hr-inner ' ><span class='hr-inner-style'><\/span><\/span><\/div>\n<div class=\"flex_column av_two_third  flex_column_div av-zero-column-padding first  avia-builder-el-8  el_after_av_hr  el_before_av_three_fifth  \" style='border-radius:0px; '><div  class='avia-image-container  av-styling-    avia-builder-el-9  avia-builder-el-no-sibling  avia-align-center '  itemprop=\"image\" itemscope=\"itemscope\" itemtype=\"https:\/\/schema.org\/ImageObject\"  ><div class='avia-image-container-inner'><div class='avia-image-overlay-wrap'><a href='https:\/\/www.galerie-pfundt.de\/aktuell\/kuenstler\/witt\/die-grosse-welle\/' class='avia_image'  ><img decoding=\"async\" width=\"1024\" height=\"729\" class='wp-image-22403 avia-img-lazy-loading-not-22403 avia_image' src=\"https:\/\/www.galerie-pfundt.de\/wp-content\/uploads\/2024\/02\/Grosse-Welle.jpg\" alt='' title='Gro\u00dfe Welle'  itemprop=\"thumbnailUrl\" srcset=\"https:\/\/www.galerie-pfundt.de\/wp-content\/uploads\/2024\/02\/Grosse-Welle.jpg 1024w, https:\/\/www.galerie-pfundt.de\/wp-content\/uploads\/2024\/02\/Grosse-Welle-600x427.jpg 600w, https:\/\/www.galerie-pfundt.de\/wp-content\/uploads\/2024\/02\/Grosse-Welle-400x285.jpg 400w, https:\/\/www.galerie-pfundt.de\/wp-content\/uploads\/2024\/02\/Grosse-Welle-768x547.jpg 768w, https:\/\/www.galerie-pfundt.de\/wp-content\/uploads\/2024\/02\/Grosse-Welle-260x185.jpg 260w, https:\/\/www.galerie-pfundt.de\/wp-content\/uploads\/2024\/02\/Grosse-Welle-705x502.jpg 705w\" sizes=\"(max-width: 1024px) 100vw, 1024px\" \/><\/a><\/div><\/div><\/div><\/div><div class=\"flex_column av_three_fifth  flex_column_div av-zero-column-padding first  avia-builder-el-10  el_after_av_two_third  el_before_av_two_fifth  column-top-margin\" style='border-radius:0px; '><div  class='avia-image-container  av-styling-    avia-builder-el-11  avia-builder-el-no-sibling  avia-align-center '  itemprop=\"image\" itemscope=\"itemscope\" itemtype=\"https:\/\/schema.org\/ImageObject\"  ><div class='avia-image-container-inner'><div class='avia-image-overlay-wrap'><a href='https:\/\/www.galerie-pfundt.de\/aktuell\/kuenstler\/witt\/fischkutter-fest-vertaeut\/' class='avia_image'  ><img decoding=\"async\" width=\"1024\" height=\"793\" class='wp-image-22404 avia-img-lazy-loading-not-22404 avia_image' src=\"https:\/\/www.galerie-pfundt.de\/wp-content\/uploads\/2024\/02\/Hafen.jpg\" alt='' title='Hafen'  itemprop=\"thumbnailUrl\" srcset=\"https:\/\/www.galerie-pfundt.de\/wp-content\/uploads\/2024\/02\/Hafen.jpg 1024w, https:\/\/www.galerie-pfundt.de\/wp-content\/uploads\/2024\/02\/Hafen-600x465.jpg 600w, https:\/\/www.galerie-pfundt.de\/wp-content\/uploads\/2024\/02\/Hafen-400x310.jpg 400w, https:\/\/www.galerie-pfundt.de\/wp-content\/uploads\/2024\/02\/Hafen-768x595.jpg 768w, https:\/\/www.galerie-pfundt.de\/wp-content\/uploads\/2024\/02\/Hafen-705x546.jpg 705w\" sizes=\"(max-width: 1024px) 100vw, 1024px\" \/><\/a><\/div><\/div><\/div><\/div><div class=\"flex_column av_two_fifth  flex_column_div av-zero-column-padding   avia-builder-el-12  el_after_av_three_fifth  el_before_av_hr  column-top-margin\" style='border-radius:0px; '><\/div><div  style='height:50px' class='hr hr-invisible   avia-builder-el-13  el_after_av_two_fifth  el_before_av_two_third '><span class='hr-inner ' ><span class='hr-inner-style'><\/span><\/span><\/div>\n<div class=\"flex_column av_two_third  flex_column_div av-zero-column-padding first  avia-builder-el-14  el_after_av_hr  el_before_av_one_half  \" style='border-radius:0px; '><div  class='avia-image-container  av-styling-    avia-builder-el-15  avia-builder-el-no-sibling  avia-align-center '  itemprop=\"image\" itemscope=\"itemscope\" itemtype=\"https:\/\/schema.org\/ImageObject\"  ><div class='avia-image-container-inner'><div class='avia-image-overlay-wrap'><a href='https:\/\/www.galerie-pfundt.de\/aktuell\/kuenstler\/witt\/strandhafer-vor-untergehender-sonne\/' class='avia_image'  ><img decoding=\"async\" width=\"1024\" height=\"687\" class='wp-image-22402 avia-img-lazy-loading-not-22402 avia_image' src=\"https:\/\/www.galerie-pfundt.de\/wp-content\/uploads\/2024\/02\/gegenlicht-Duene.jpg\" alt='' title='gegenlicht Du\u0308ne'  itemprop=\"thumbnailUrl\" srcset=\"https:\/\/www.galerie-pfundt.de\/wp-content\/uploads\/2024\/02\/gegenlicht-Duene.jpg 1024w, https:\/\/www.galerie-pfundt.de\/wp-content\/uploads\/2024\/02\/gegenlicht-Duene-600x403.jpg 600w, https:\/\/www.galerie-pfundt.de\/wp-content\/uploads\/2024\/02\/gegenlicht-Duene-400x268.jpg 400w, https:\/\/www.galerie-pfundt.de\/wp-content\/uploads\/2024\/02\/gegenlicht-Duene-768x515.jpg 768w, https:\/\/www.galerie-pfundt.de\/wp-content\/uploads\/2024\/02\/gegenlicht-Duene-705x473.jpg 705w\" sizes=\"(max-width: 1024px) 100vw, 1024px\" \/><\/a><\/div><\/div><\/div><\/div><div class=\"flex_column av_one_half  flex_column_div av-zero-column-padding first  avia-builder-el-16  el_after_av_two_third  el_before_av_one_half  column-top-margin\" style='border-radius:0px; '><div  class='avia-image-container  av-styling-    avia-builder-el-17  avia-builder-el-no-sibling  avia-align-center '  itemprop=\"image\" itemscope=\"itemscope\" itemtype=\"https:\/\/schema.org\/ImageObject\"  ><div class='avia-image-container-inner'><div class='avia-image-overlay-wrap'><a href='https:\/\/www.galerie-pfundt.de\/aktuell\/kuenstler\/witt\/hortensien-im-sommerlicht\/' class='avia_image'  ><img decoding=\"async\" width=\"1024\" height=\"765\" class='wp-image-2615 avia-img-lazy-loading-not-2615 avia_image' src=\"https:\/\/www.galerie-pfundt.de\/wp-content\/uploads\/2018\/05\/Witt-Baum-an-der-Alster_2017_\u00d6aL_30x40.jpg\" alt='' title='Witt-Baum an der Alster_2017_\u00d6aL_30x40'  itemprop=\"thumbnailUrl\" srcset=\"https:\/\/www.galerie-pfundt.de\/wp-content\/uploads\/2018\/05\/Witt-Baum-an-der-Alster_2017_\u00d6aL_30x40.jpg 1024w, https:\/\/www.galerie-pfundt.de\/wp-content\/uploads\/2018\/05\/Witt-Baum-an-der-Alster_2017_\u00d6aL_30x40-600x448.jpg 600w, https:\/\/www.galerie-pfundt.de\/wp-content\/uploads\/2018\/05\/Witt-Baum-an-der-Alster_2017_\u00d6aL_30x40-220x164.jpg 220w, https:\/\/www.galerie-pfundt.de\/wp-content\/uploads\/2018\/05\/Witt-Baum-an-der-Alster_2017_\u00d6aL_30x40-768x574.jpg 768w, https:\/\/www.galerie-pfundt.de\/wp-content\/uploads\/2018\/05\/Witt-Baum-an-der-Alster_2017_\u00d6aL_30x40-705x527.jpg 705w\" sizes=\"(max-width: 1024px) 100vw, 1024px\" \/><\/a><\/div><\/div><\/div><\/div><div class=\"flex_column av_one_half  flex_column_div av-zero-column-padding   avia-builder-el-18  el_after_av_one_half  el_before_av_hr  column-top-margin\" style='border-radius:0px; '><div  class='avia-image-container  av-styling-    avia-builder-el-19  avia-builder-el-no-sibling  avia-align-center '  itemprop=\"image\" itemscope=\"itemscope\" itemtype=\"https:\/\/schema.org\/ImageObject\"  ><div class='avia-image-container-inner'><div class='avia-image-overlay-wrap'><a href='https:\/\/www.galerie-pfundt.de\/aktuell\/kuenstler\/witt\/allee-im-sanften-abendlicht\/' class='avia_image'  ><img decoding=\"async\" width=\"1024\" height=\"623\" class='wp-image-22405 avia-img-lazy-loading-not-22405 avia_image' src=\"https:\/\/www.galerie-pfundt.de\/wp-content\/uploads\/2024\/02\/index.jpg\" alt='' title='index'  itemprop=\"thumbnailUrl\" srcset=\"https:\/\/www.galerie-pfundt.de\/wp-content\/uploads\/2024\/02\/index.jpg 1024w, https:\/\/www.galerie-pfundt.de\/wp-content\/uploads\/2024\/02\/index-600x365.jpg 600w, https:\/\/www.galerie-pfundt.de\/wp-content\/uploads\/2024\/02\/index-400x243.jpg 400w, https:\/\/www.galerie-pfundt.de\/wp-content\/uploads\/2024\/02\/index-768x467.jpg 768w, https:\/\/www.galerie-pfundt.de\/wp-content\/uploads\/2024\/02\/index-705x429.jpg 705w\" sizes=\"(max-width: 1024px) 100vw, 1024px\" \/><\/a><\/div><\/div><\/div><\/div><div  style='height:50px' class='hr hr-invisible   avia-builder-el-20  el_after_av_one_half  el_before_av_one_half '><span class='hr-inner ' ><span class='hr-inner-style'><\/span><\/span><\/div>\n<div class=\"flex_column av_one_half  flex_column_div av-zero-column-padding first  avia-builder-el-21  el_after_av_hr  el_before_av_one_half  \" style='border-radius:0px; '><div  class='avia-image-container  av-styling-    avia-builder-el-22  avia-builder-el-no-sibling  avia-align-center '  itemprop=\"image\" itemscope=\"itemscope\" itemtype=\"https:\/\/schema.org\/ImageObject\"  ><div class='avia-image-container-inner'><div class='avia-image-overlay-wrap'><a href='https:\/\/www.galerie-pfundt.de\/aktuell\/kuenstler\/witt\/an-der-kueste\/' class='avia_image'  ><img decoding=\"async\" width=\"1020\" height=\"691\" class='wp-image-17710 avia-img-lazy-loading-not-17710 avia_image' src=\"https:\/\/www.galerie-pfundt.de\/wp-content\/uploads\/2021\/04\/Witt-Ku\u0308ste_2017_O\u0308aL_40x60_96.jpg\" alt='' title='Witt-Ku\u0308ste_2017_O\u0308aL_40x60_96'  itemprop=\"thumbnailUrl\" srcset=\"https:\/\/www.galerie-pfundt.de\/wp-content\/uploads\/2021\/04\/Witt-Ku\u0308ste_2017_O\u0308aL_40x60_96.jpg 1020w, https:\/\/www.galerie-pfundt.de\/wp-content\/uploads\/2021\/04\/Witt-Ku\u0308ste_2017_O\u0308aL_40x60_96-600x406.jpg 600w, https:\/\/www.galerie-pfundt.de\/wp-content\/uploads\/2021\/04\/Witt-Ku\u0308ste_2017_O\u0308aL_40x60_96-400x271.jpg 400w, https:\/\/www.galerie-pfundt.de\/wp-content\/uploads\/2021\/04\/Witt-Ku\u0308ste_2017_O\u0308aL_40x60_96-768x520.jpg 768w, https:\/\/www.galerie-pfundt.de\/wp-content\/uploads\/2021\/04\/Witt-Ku\u0308ste_2017_O\u0308aL_40x60_96-705x478.jpg 705w\" sizes=\"(max-width: 1020px) 100vw, 1020px\" \/><\/a><\/div><\/div><\/div><\/div><div class=\"flex_column av_one_half  flex_column_div av-zero-column-padding   avia-builder-el-23  el_after_av_one_half  el_before_av_hr  \" style='border-radius:0px; '><div  class='avia-image-container  av-styling-    avia-builder-el-24  avia-builder-el-no-sibling  avia-align-center '  itemprop=\"image\" itemscope=\"itemscope\" itemtype=\"https:\/\/schema.org\/ImageObject\"  ><div class='avia-image-container-inner'><div class='avia-image-overlay-wrap'><a href='https:\/\/www.galerie-pfundt.de\/aktuell\/kuenstler\/witt\/hortensien-im-sommerlicht\/' class='avia_image'  ><img decoding=\"async\" width=\"1024\" height=\"826\" class='wp-image-22406 avia-img-lazy-loading-not-22406 avia_image' src=\"https:\/\/www.galerie-pfundt.de\/wp-content\/uploads\/2024\/02\/Rhododrendon.jpg\" alt='' title='Rhododrendon'  itemprop=\"thumbnailUrl\" srcset=\"https:\/\/www.galerie-pfundt.de\/wp-content\/uploads\/2024\/02\/Rhododrendon.jpg 1024w, https:\/\/www.galerie-pfundt.de\/wp-content\/uploads\/2024\/02\/Rhododrendon-600x484.jpg 600w, https:\/\/www.galerie-pfundt.de\/wp-content\/uploads\/2024\/02\/Rhododrendon-400x323.jpg 400w, https:\/\/www.galerie-pfundt.de\/wp-content\/uploads\/2024\/02\/Rhododrendon-768x620.jpg 768w, https:\/\/www.galerie-pfundt.de\/wp-content\/uploads\/2024\/02\/Rhododrendon-495x400.jpg 495w, https:\/\/www.galerie-pfundt.de\/wp-content\/uploads\/2024\/02\/Rhododrendon-705x569.jpg 705w\" sizes=\"(max-width: 1024px) 100vw, 1024px\" \/><\/a><\/div><\/div><\/div><\/div><div  style='height:50px' class='hr hr-invisible   avia-builder-el-25  el_after_av_one_half  el_before_av_one_fourth '><span class='hr-inner ' ><span class='hr-inner-style'><\/span><\/span><\/div>\n<div class=\"flex_column av_one_fourth  flex_column_div av-zero-column-padding first  avia-builder-el-26  el_after_av_hr  el_before_av_one_half  \" style='border-radius:0px; '><\/div><div class=\"flex_column av_one_half  flex_column_div av-zero-column-padding   avia-builder-el-27  el_after_av_one_fourth  el_before_av_hr  \" style='border-radius:0px; '><div  class='avia-image-container  av-styling-    avia-builder-el-28  avia-builder-el-no-sibling  avia-align-center '  itemprop=\"image\" itemscope=\"itemscope\" itemtype=\"https:\/\/schema.org\/ImageObject\"  ><div class='avia-image-container-inner'><div class='avia-image-overlay-wrap'><a href='https:\/\/www.galerie-pfundt.de\/aktuell\/kuenstler\/witt\/kiefern-maerkischer-sand\/' class='avia_image'  ><img decoding=\"async\" width=\"2560\" height=\"2040\" class='wp-image-20449 avia-img-lazy-loading-not-20449 avia_image' src=\"https:\/\/www.galerie-pfundt.de\/wp-content\/uploads\/2021\/12\/Witt-Kiefern-mit-Sand-scaled.jpg\" alt='' title='Witt-Kiefern mit Sand'  itemprop=\"thumbnailUrl\" srcset=\"https:\/\/www.galerie-pfundt.de\/wp-content\/uploads\/2021\/12\/Witt-Kiefern-mit-Sand-scaled.jpg 2560w, https:\/\/www.galerie-pfundt.de\/wp-content\/uploads\/2021\/12\/Witt-Kiefern-mit-Sand-scaled-600x478.jpg 600w, https:\/\/www.galerie-pfundt.de\/wp-content\/uploads\/2021\/12\/Witt-Kiefern-mit-Sand-400x319.jpg 400w, https:\/\/www.galerie-pfundt.de\/wp-content\/uploads\/2021\/12\/Witt-Kiefern-mit-Sand-1030x821.jpg 1030w, https:\/\/www.galerie-pfundt.de\/wp-content\/uploads\/2021\/12\/Witt-Kiefern-mit-Sand-768x612.jpg 768w, https:\/\/www.galerie-pfundt.de\/wp-content\/uploads\/2021\/12\/Witt-Kiefern-mit-Sand-1536x1224.jpg 1536w, https:\/\/www.galerie-pfundt.de\/wp-content\/uploads\/2021\/12\/Witt-Kiefern-mit-Sand-2048x1632.jpg 2048w, https:\/\/www.galerie-pfundt.de\/wp-content\/uploads\/2021\/12\/Witt-Kiefern-mit-Sand-1500x1196.jpg 1500w, https:\/\/www.galerie-pfundt.de\/wp-content\/uploads\/2021\/12\/Witt-Kiefern-mit-Sand-705x562.jpg 705w\" sizes=\"(max-width: 2560px) 100vw, 2560px\" \/><\/a><\/div><\/div><\/div><\/div><div  style='height:60px' class='hr hr-invisible   avia-builder-el-29  el_after_av_one_half  el_before_av_hr '><span class='hr-inner ' ><span class='hr-inner-style'><\/span><\/span><\/div>\n<div  style='height:60px' class='hr hr-invisible   avia-builder-el-30  el_after_av_hr  el_before_av_one_fourth '><span class='hr-inner ' ><span class='hr-inner-style'><\/span><\/span><\/div>\n<div class=\"flex_column av_one_fourth  flex_column_div av-zero-column-padding first  avia-builder-el-31  el_after_av_hr  el_before_av_textblock  \" style='border-radius:0px; '><div  class='avia-image-container  av-styling-    avia-builder-el-32  avia-builder-el-no-sibling  avia-align-center '  itemprop=\"image\" itemscope=\"itemscope\" itemtype=\"https:\/\/schema.org\/ImageObject\"  ><div class='avia-image-container-inner'><div class='avia-image-overlay-wrap'><img decoding=\"async\" class='wp-image-13060 avia-img-lazy-loading-not-13060 avia_image' src=\"https:\/\/www.galerie-pfundt.de\/wp-content\/uploads\/2020\/06\/Katalog_MalerischerNorden-400x329.jpg\" alt='' title='Katalog_MalerischerNorden' height=\"329\" width=\"400\"  itemprop=\"thumbnailUrl\" srcset=\"https:\/\/www.galerie-pfundt.de\/wp-content\/uploads\/2020\/06\/Katalog_MalerischerNorden-400x329.jpg 400w, https:\/\/www.galerie-pfundt.de\/wp-content\/uploads\/2020\/06\/Katalog_MalerischerNorden-450x370.jpg 450w, https:\/\/www.galerie-pfundt.de\/wp-content\/uploads\/2020\/06\/Katalog_MalerischerNorden.jpg 479w\" sizes=\"(max-width: 400px) 100vw, 400px\" \/><\/div><\/div><\/div><\/div><section class=\"av_textblock_section \"  itemscope=\"itemscope\" itemtype=\"https:\/\/schema.org\/CreativeWork\" ><div class='avia_textblock  '   itemprop=\"text\" ><p><span style=\"color: #999999;\">Katalog<\/span><\/p>\n<h4><span style=\"color: #999999;\">Malerischer Norden<\/span><\/h4>\n<h6><span style=\"color: #999999;\">\u00d6lgem\u00e4lde aus Schleswig-Holstein von Stefan Dobritz und Peter Witt<\/span><\/h6>\n<p><span style=\"color: #999999;\">2012<\/span><br \/>\n<span style=\"color: #999999;\"> gebunden,\u00a0128 Seiten<\/span><\/p>\n<p><span style=\"color: #999999;\">ISBN 978-3-9813745-6-8<\/span><\/p>\n<h5><span style=\"color: #999999;\">\u20ac 29,90<\/span><\/h5>\n<\/div><\/section>\n<div  style='height:60px' class='hr hr-invisible   avia-builder-el-34  el_after_av_textblock  avia-builder-el-last '><span class='hr-inner ' ><span class='hr-inner-style'><\/span><\/span><\/div>\n\n","protected":false},"excerpt":{"rendered":"","protected":false},"author":2,"featured_media":0,"parent":14,"menu_order":0,"comment_status":"closed","ping_status":"closed","template":"","meta":{"footnotes":""},"class_list":["post-705","page","type-page","status-publish","hentry"],"_links":{"self":[{"href":"https:\/\/www.galerie-pfundt.de\/aktuell\/wp-json\/wp\/v2\/pages\/705","targetHints":{"allow":["GET"]}}],"collection":[{"href":"https:\/\/www.galerie-pfundt.de\/aktuell\/wp-json\/wp\/v2\/pages"}],"about":[{"href":"https:\/\/www.galerie-pfundt.de\/aktuell\/wp-json\/wp\/v2\/types\/page"}],"author":[{"embeddable":true,"href":"https:\/\/www.galerie-pfundt.de\/aktuell\/wp-json\/wp\/v2\/users\/2"}],"replies":[{"embeddable":true,"href":"https:\/\/www.galerie-pfundt.de\/aktuell\/wp-json\/wp\/v2\/comments?post=705"}],"version-history":[{"count":38,"href":"https:\/\/www.galerie-pfundt.de\/aktuell\/wp-json\/wp\/v2\/pages\/705\/revisions"}],"predecessor-version":[{"id":22443,"href":"https:\/\/www.galerie-pfundt.de\/aktuell\/wp-json\/wp\/v2\/pages\/705\/revisions\/22443"}],"up":[{"embeddable":true,"href":"https:\/\/www.galerie-pfundt.de\/aktuell\/wp-json\/wp\/v2\/pages\/14"}],"wp:attachment":[{"href":"https:\/\/www.galerie-pfundt.de\/aktuell\/wp-json\/wp\/v2\/media?parent=705"}],"curies":[{"name":"wp","href":"https:\/\/api.w.org\/{rel}","templated":true}]}}